{"id":1578,"date":"2021-01-22T23:52:02","date_gmt":"2021-01-22T23:52:02","guid":{"rendered":"https:\/\/www.pvaphotography.cz\/?page_id=1578"},"modified":"2021-07-09T18:26:00","modified_gmt":"2021-07-09T18:26:00","slug":"kocka-nejlepsi-pritel-cloveka","status":"publish","type":"page","link":"https:\/\/www.pvaphotography.cz\/?page_id=1578","title":{"rendered":"KO\u010cKA NEJLEP\u0160\u00cd P\u0158\u00cdTEL \u010cLOV\u011aKA"},"content":{"rendered":"\n<figure class=\"wp-block-gallery columns-3 is-cropped wp-block-gallery-1 is-layout-flex wp-block-gallery-is-layout-flex\"><ul class=\"blocks-gallery-grid\"><li class=\"blocks-gallery-item\"><figure><a href=\"https:\/\/www.pvaphotography.cz\/wp-content\/uploads\/2021\/01\/DSC06006-upraveny-upraveny.jpg\"><img loading=\"lazy\" decoding=\"async\" width=\"1024\" height=\"683\" src=\"https:\/\/www.pvaphotography.cz\/wp-content\/uploads\/2021\/01\/DSC06006-upraveny-upraveny-1024x683.jpg\" alt=\"\" data-id=\"1582\" data-full-url=\"https:\/\/www.pvaphotography.cz\/wp-content\/uploads\/2021\/01\/DSC06006-upraveny-upraveny.jpg\" data-link=\"https:\/\/www.pvaphotography.cz\/?attachment_id=1582\" class=\"wp-image-1582\" srcset=\"https:\/\/www.pvaphotography.cz\/wp-content\/uploads\/2021\/01\/DSC06006-upraveny-upraveny-1024x683.jpg 1024w, https:\/\/www.pvaphotography.cz\/wp-content\/uploads\/2021\/01\/DSC06006-upraveny-upraveny-300x200.jpg 300w, https:\/\/www.pvaphotography.cz\/wp-content\/uploads\/2021\/01\/DSC06006-upraveny-upraveny-768x512.jpg 768w, https:\/\/www.pvaphotography.cz\/wp-content\/uploads\/2021\/01\/DSC06006-upraveny-upraveny-1536x1024.jpg 1536w, https:\/\/www.pvaphotography.cz\/wp-content\/uploads\/2021\/01\/DSC06006-upraveny-upraveny.jpg 1920w\" sizes=\"auto, (max-width: 1024px) 100vw, 1024px\" \/><\/a><\/figure><\/li><li class=\"blocks-gallery-item\"><figure><a href=\"https:\/\/www.pvaphotography.cz\/wp-content\/uploads\/2021\/01\/DSC06044-upraveny.jpg\"><img loading=\"lazy\" decoding=\"async\" width=\"1024\" height=\"683\" src=\"https:\/\/www.pvaphotography.cz\/wp-content\/uploads\/2021\/01\/DSC06044-upraveny-1024x683.jpg\" alt=\"\" data-id=\"1583\" data-full-url=\"https:\/\/www.pvaphotography.cz\/wp-content\/uploads\/2021\/01\/DSC06044-upraveny.jpg\" data-link=\"https:\/\/www.pvaphotography.cz\/?attachment_id=1583\" class=\"wp-image-1583\" srcset=\"https:\/\/www.pvaphotography.cz\/wp-content\/uploads\/2021\/01\/DSC06044-upraveny-1024x683.jpg 1024w, https:\/\/www.pvaphotography.cz\/wp-content\/uploads\/2021\/01\/DSC06044-upraveny-300x200.jpg 300w, https:\/\/www.pvaphotography.cz\/wp-content\/uploads\/2021\/01\/DSC06044-upraveny-768x512.jpg 768w, https:\/\/www.pvaphotography.cz\/wp-content\/uploads\/2021\/01\/DSC06044-upraveny-1536x1024.jpg 1536w, https:\/\/www.pvaphotography.cz\/wp-content\/uploads\/2021\/01\/DSC06044-upraveny.jpg 1920w\" sizes=\"auto, (max-width: 1024px) 100vw, 1024px\" \/><\/a><\/figure><\/li><li class=\"blocks-gallery-item\"><figure><a href=\"https:\/\/www.pvaphotography.cz\/wp-content\/uploads\/2021\/01\/DSC06081-upraveny.jpg\"><img loading=\"lazy\" decoding=\"async\" width=\"1024\" height=\"683\" src=\"https:\/\/www.pvaphotography.cz\/wp-content\/uploads\/2021\/01\/DSC06081-upraveny-1024x683.jpg\" alt=\"\" data-id=\"1585\" data-full-url=\"https:\/\/www.pvaphotography.cz\/wp-content\/uploads\/2021\/01\/DSC06081-upraveny.jpg\" data-link=\"https:\/\/www.pvaphotography.cz\/?attachment_id=1585\" class=\"wp-image-1585\" srcset=\"https:\/\/www.pvaphotography.cz\/wp-content\/uploads\/2021\/01\/DSC06081-upraveny-1024x683.jpg 1024w, https:\/\/www.pvaphotography.cz\/wp-content\/uploads\/2021\/01\/DSC06081-upraveny-300x200.jpg 300w, https:\/\/www.pvaphotography.cz\/wp-content\/uploads\/2021\/01\/DSC06081-upraveny-768x512.jpg 768w, https:\/\/www.pvaphotography.cz\/wp-content\/uploads\/2021\/01\/DSC06081-upraveny-1536x1024.jpg 1536w, https:\/\/www.pvaphotography.cz\/wp-content\/uploads\/2021\/01\/DSC06081-upraveny.jpg 1920w\" sizes=\"auto, (max-width: 1024px) 100vw, 1024px\" \/><\/a><\/figure><\/li><\/ul><\/figure>\n\n\n\n<figure class=\"wp-block-gallery columns-3 is-cropped wp-block-gallery-2 is-layout-flex wp-block-gallery-is-layout-flex\"><ul class=\"blocks-gallery-grid\"><li class=\"blocks-gallery-item\"><figure><a href=\"https:\/\/www.pvaphotography.cz\/wp-content\/uploads\/2021\/01\/DSCF0987-Edit-1024x584.jpg\"><img loading=\"lazy\" decoding=\"async\" width=\"1024\" height=\"584\" src=\"https:\/\/www.pvaphotography.cz\/wp-content\/uploads\/2021\/01\/DSCF0987-Edit-1024x584.jpg\" alt=\"\" data-id=\"1592\" data-link=\"https:\/\/www.pvaphotography.cz\/?attachment_id=1592\" class=\"wp-image-1592\" srcset=\"https:\/\/www.pvaphotography.cz\/wp-content\/uploads\/2021\/01\/DSCF0987-Edit-1024x584.jpg 1024w, https:\/\/www.pvaphotography.cz\/wp-content\/uploads\/2021\/01\/DSCF0987-Edit-300x171.jpg 300w, https:\/\/www.pvaphotography.cz\/wp-content\/uploads\/2021\/01\/DSCF0987-Edit-768x438.jpg 768w, https:\/\/www.pvaphotography.cz\/wp-content\/uploads\/2021\/01\/DSCF0987-Edit-1536x875.jpg 1536w, https:\/\/www.pvaphotography.cz\/wp-content\/uploads\/2021\/01\/DSCF0987-Edit.jpg 1895w\" sizes=\"auto, (max-width: 1024px) 100vw, 1024px\" \/><\/a><\/figure><\/li><li class=\"blocks-gallery-item\"><figure><a href=\"https:\/\/www.pvaphotography.cz\/wp-content\/uploads\/2021\/01\/DSCF0308-Edit-2-838x1024.jpg\"><img loading=\"lazy\" decoding=\"async\" width=\"838\" height=\"1024\" src=\"https:\/\/www.pvaphotography.cz\/wp-content\/uploads\/2021\/01\/DSCF0308-Edit-2-838x1024.jpg\" alt=\"\" data-id=\"1587\" data-link=\"https:\/\/www.pvaphotography.cz\/?attachment_id=1587\" class=\"wp-image-1587\" srcset=\"https:\/\/www.pvaphotography.cz\/wp-content\/uploads\/2021\/01\/DSCF0308-Edit-2-838x1024.jpg 838w, https:\/\/www.pvaphotography.cz\/wp-content\/uploads\/2021\/01\/DSCF0308-Edit-2-245x300.jpg 245w, https:\/\/www.pvaphotography.cz\/wp-content\/uploads\/2021\/01\/DSCF0308-Edit-2-768x939.jpg 768w, https:\/\/www.pvaphotography.cz\/wp-content\/uploads\/2021\/01\/DSCF0308-Edit-2.jpg 1080w\" sizes=\"auto, (max-width: 838px) 100vw, 838px\" \/><\/a><\/figure><\/li><li class=\"blocks-gallery-item\"><figure><a href=\"https:\/\/www.pvaphotography.cz\/wp-content\/uploads\/2021\/01\/DSCF0874-Edit-1024x683.jpg\"><img loading=\"lazy\" decoding=\"async\" width=\"1024\" height=\"683\" src=\"https:\/\/www.pvaphotography.cz\/wp-content\/uploads\/2021\/01\/DSCF0874-Edit-1024x683.jpg\" alt=\"\" data-id=\"1588\" data-link=\"https:\/\/www.pvaphotography.cz\/?attachment_id=1588\" class=\"wp-image-1588\" srcset=\"https:\/\/www.pvaphotography.cz\/wp-content\/uploads\/2021\/01\/DSCF0874-Edit-1024x683.jpg 1024w, https:\/\/www.pvaphotography.cz\/wp-content\/uploads\/2021\/01\/DSCF0874-Edit-300x200.jpg 300w, https:\/\/www.pvaphotography.cz\/wp-content\/uploads\/2021\/01\/DSCF0874-Edit-768x512.jpg 768w, https:\/\/www.pvaphotography.cz\/wp-content\/uploads\/2021\/01\/DSCF0874-Edit-1536x1024.jpg 1536w, https:\/\/www.pvaphotography.cz\/wp-content\/uploads\/2021\/01\/DSCF0874-Edit.jpg 1620w\" sizes=\"auto, (max-width: 1024px) 100vw, 1024px\" \/><\/a><\/figure><\/li><li class=\"blocks-gallery-item\"><figure><a href=\"https:\/\/www.pvaphotography.cz\/wp-content\/uploads\/2021\/07\/DSCF3298-Edit-Edit.jpg\"><img loading=\"lazy\" decoding=\"async\" width=\"750\" height=\"1024\" src=\"https:\/\/www.pvaphotography.cz\/wp-content\/uploads\/2021\/07\/DSCF3298-Edit-Edit-750x1024.jpg\" alt=\"\" data-id=\"1957\" data-full-url=\"https:\/\/www.pvaphotography.cz\/wp-content\/uploads\/2021\/07\/DSCF3298-Edit-Edit.jpg\" data-link=\"https:\/\/www.pvaphotography.cz\/?attachment_id=1957\" class=\"wp-image-1957\" srcset=\"https:\/\/www.pvaphotography.cz\/wp-content\/uploads\/2021\/07\/DSCF3298-Edit-Edit-750x1024.jpg 750w, https:\/\/www.pvaphotography.cz\/wp-content\/uploads\/2021\/07\/DSCF3298-Edit-Edit-220x300.jpg 220w, https:\/\/www.pvaphotography.cz\/wp-content\/uploads\/2021\/07\/DSCF3298-Edit-Edit-768x1048.jpg 768w, https:\/\/www.pvaphotography.cz\/wp-content\/uploads\/2021\/07\/DSCF3298-Edit-Edit-1126x1536.jpg 1126w, https:\/\/www.pvaphotography.cz\/wp-content\/uploads\/2021\/07\/DSCF3298-Edit-Edit-1501x2048.jpg 1501w, https:\/\/www.pvaphotography.cz\/wp-content\/uploads\/2021\/07\/DSCF3298-Edit-Edit.jpg 1583w\" sizes=\"auto, (max-width: 750px) 100vw, 750px\" \/><\/a><\/figure><\/li><li class=\"blocks-gallery-item\"><figure><a href=\"https:\/\/www.pvaphotography.cz\/wp-content\/uploads\/2021\/07\/DSCF3372-Edit-Edit-Edit.jpg\"><img loading=\"lazy\" decoding=\"async\" width=\"1024\" height=\"697\" src=\"https:\/\/www.pvaphotography.cz\/wp-content\/uploads\/2021\/07\/DSCF3372-Edit-Edit-Edit-1024x697.jpg\" alt=\"\" data-id=\"1958\" data-full-url=\"https:\/\/www.pvaphotography.cz\/wp-content\/uploads\/2021\/07\/DSCF3372-Edit-Edit-Edit.jpg\" data-link=\"https:\/\/www.pvaphotography.cz\/?attachment_id=1958\" class=\"wp-image-1958\" srcset=\"https:\/\/www.pvaphotography.cz\/wp-content\/uploads\/2021\/07\/DSCF3372-Edit-Edit-Edit-1024x697.jpg 1024w, https:\/\/www.pvaphotography.cz\/wp-content\/uploads\/2021\/07\/DSCF3372-Edit-Edit-Edit-300x204.jpg 300w, https:\/\/www.pvaphotography.cz\/wp-content\/uploads\/2021\/07\/DSCF3372-Edit-Edit-Edit-768x523.jpg 768w, https:\/\/www.pvaphotography.cz\/wp-content\/uploads\/2021\/07\/DSCF3372-Edit-Edit-Edit-1536x1046.jpg 1536w, https:\/\/www.pvaphotography.cz\/wp-content\/uploads\/2021\/07\/DSCF3372-Edit-Edit-Edit-2048x1395.jpg 2048w\" sizes=\"auto, (max-width: 1024px) 100vw, 1024px\" \/><\/a><\/figure><\/li><li class=\"blocks-gallery-item\"><figure><a href=\"https:\/\/www.pvaphotography.cz\/wp-content\/uploads\/2021\/07\/DSCF3434-Edit-Edit-1024x683.jpg\"><img loading=\"lazy\" decoding=\"async\" width=\"1024\" height=\"683\" src=\"https:\/\/www.pvaphotography.cz\/wp-content\/uploads\/2021\/07\/DSCF3434-Edit-Edit-1024x683.jpg\" alt=\"\" data-id=\"1953\" data-link=\"https:\/\/www.pvaphotography.cz\/?attachment_id=1953\" class=\"wp-image-1953\" srcset=\"https:\/\/www.pvaphotography.cz\/wp-content\/uploads\/2021\/07\/DSCF3434-Edit-Edit-1024x683.jpg 1024w, https:\/\/www.pvaphotography.cz\/wp-content\/uploads\/2021\/07\/DSCF3434-Edit-Edit-300x200.jpg 300w, https:\/\/www.pvaphotography.cz\/wp-content\/uploads\/2021\/07\/DSCF3434-Edit-Edit-768x512.jpg 768w, https:\/\/www.pvaphotography.cz\/wp-content\/uploads\/2021\/07\/DSCF3434-Edit-Edit-1536x1024.jpg 1536w, https:\/\/www.pvaphotography.cz\/wp-content\/uploads\/2021\/07\/DSCF3434-Edit-Edit-2048x1365.jpg 2048w\" sizes=\"auto, (max-width: 1024px) 100vw, 1024px\" \/><\/a><\/figure><\/li><li class=\"blocks-gallery-item\"><figure><a href=\"https:\/\/www.pvaphotography.cz\/wp-content\/uploads\/2021\/07\/DSCF3499-Edit-Edit.jpg\"><img loading=\"lazy\" decoding=\"async\" width=\"1024\" height=\"591\" src=\"https:\/\/www.pvaphotography.cz\/wp-content\/uploads\/2021\/07\/DSCF3499-Edit-Edit-1024x591.jpg\" alt=\"\" data-id=\"1959\" data-full-url=\"https:\/\/www.pvaphotography.cz\/wp-content\/uploads\/2021\/07\/DSCF3499-Edit-Edit.jpg\" data-link=\"https:\/\/www.pvaphotography.cz\/?attachment_id=1959\" class=\"wp-image-1959\" srcset=\"https:\/\/www.pvaphotography.cz\/wp-content\/uploads\/2021\/07\/DSCF3499-Edit-Edit-1024x591.jpg 1024w, https:\/\/www.pvaphotography.cz\/wp-content\/uploads\/2021\/07\/DSCF3499-Edit-Edit-300x173.jpg 300w, https:\/\/www.pvaphotography.cz\/wp-content\/uploads\/2021\/07\/DSCF3499-Edit-Edit-768x443.jpg 768w, https:\/\/www.pvaphotography.cz\/wp-content\/uploads\/2021\/07\/DSCF3499-Edit-Edit-1536x887.jpg 1536w, https:\/\/www.pvaphotography.cz\/wp-content\/uploads\/2021\/07\/DSCF3499-Edit-Edit-2048x1182.jpg 2048w\" sizes=\"auto, (max-width: 1024px) 100vw, 1024px\" \/><\/a><\/figure><\/li><li class=\"blocks-gallery-item\"><figure><a href=\"https:\/\/www.pvaphotography.cz\/wp-content\/uploads\/2021\/07\/DSCF3494-Edit-Edit-685x1024.jpg\"><img loading=\"lazy\" decoding=\"async\" width=\"685\" height=\"1024\" src=\"https:\/\/www.pvaphotography.cz\/wp-content\/uploads\/2021\/07\/DSCF3494-Edit-Edit-685x1024.jpg\" alt=\"\" data-id=\"1954\" data-link=\"https:\/\/www.pvaphotography.cz\/?attachment_id=1954\" class=\"wp-image-1954\" srcset=\"https:\/\/www.pvaphotography.cz\/wp-content\/uploads\/2021\/07\/DSCF3494-Edit-Edit-685x1024.jpg 685w, https:\/\/www.pvaphotography.cz\/wp-content\/uploads\/2021\/07\/DSCF3494-Edit-Edit-201x300.jpg 201w, https:\/\/www.pvaphotography.cz\/wp-content\/uploads\/2021\/07\/DSCF3494-Edit-Edit-768x1149.jpg 768w, https:\/\/www.pvaphotography.cz\/wp-content\/uploads\/2021\/07\/DSCF3494-Edit-Edit-1027x1536.jpg 1027w, https:\/\/www.pvaphotography.cz\/wp-content\/uploads\/2021\/07\/DSCF3494-Edit-Edit-1369x2048.jpg 1369w, https:\/\/www.pvaphotography.cz\/wp-content\/uploads\/2021\/07\/DSCF3494-Edit-Edit.jpg 1444w\" sizes=\"auto, (max-width: 685px) 100vw, 685px\" \/><\/a><\/figure><\/li><li class=\"blocks-gallery-item\"><figure><a href=\"https:\/\/www.pvaphotography.cz\/wp-content\/uploads\/2021\/07\/DSCF3524-Edit-Edit.jpg\"><img loading=\"lazy\" decoding=\"async\" width=\"1024\" height=\"667\" src=\"https:\/\/www.pvaphotography.cz\/wp-content\/uploads\/2021\/07\/DSCF3524-Edit-Edit-1024x667.jpg\" alt=\"\" data-id=\"1960\" data-full-url=\"https:\/\/www.pvaphotography.cz\/wp-content\/uploads\/2021\/07\/DSCF3524-Edit-Edit.jpg\" data-link=\"https:\/\/www.pvaphotography.cz\/?attachment_id=1960\" class=\"wp-image-1960\" srcset=\"https:\/\/www.pvaphotography.cz\/wp-content\/uploads\/2021\/07\/DSCF3524-Edit-Edit-1024x667.jpg 1024w, https:\/\/www.pvaphotography.cz\/wp-content\/uploads\/2021\/07\/DSCF3524-Edit-Edit-300x195.jpg 300w, https:\/\/www.pvaphotography.cz\/wp-content\/uploads\/2021\/07\/DSCF3524-Edit-Edit-768x500.jpg 768w, https:\/\/www.pvaphotography.cz\/wp-content\/uploads\/2021\/07\/DSCF3524-Edit-Edit-1536x1001.jpg 1536w, https:\/\/www.pvaphotography.cz\/wp-content\/uploads\/2021\/07\/DSCF3524-Edit-Edit-2048x1334.jpg 2048w\" sizes=\"auto, (max-width: 1024px) 100vw, 1024px\" \/><\/a><\/figure><\/li><\/ul><\/figure>\n","protected":false},"excerpt":{"rendered":"","protected":false},"author":1,"featured_media":0,"parent":412,"menu_order":3,"comment_status":"closed","ping_status":"closed","template":"page-templates\/gallery-template.php","meta":{"footnotes":""},"class_list":["post-1578","page","type-page","status-publish","hentry"],"_links":{"self":[{"href":"https:\/\/www.pvaphotography.cz\/index.php?rest_route=\/wp\/v2\/pages\/1578","targetHints":{"allow":["GET"]}}],"collection":[{"href":"https:\/\/www.pvaphotography.cz\/index.php?rest_route=\/wp\/v2\/pages"}],"about":[{"href":"https:\/\/www.pvaphotography.cz\/index.php?rest_route=\/wp\/v2\/types\/page"}],"author":[{"embeddable":true,"href":"https:\/\/www.pvaphotography.cz\/index.php?rest_route=\/wp\/v2\/users\/1"}],"replies":[{"embeddable":true,"href":"https:\/\/www.pvaphotography.cz\/index.php?rest_route=%2Fwp%2Fv2%2Fcomments&post=1578"}],"version-history":[{"count":7,"href":"https:\/\/www.pvaphotography.cz\/index.php?rest_route=\/wp\/v2\/pages\/1578\/revisions"}],"predecessor-version":[{"id":1961,"href":"https:\/\/www.pvaphotography.cz\/index.php?rest_route=\/wp\/v2\/pages\/1578\/revisions\/1961"}],"up":[{"embeddable":true,"href":"https:\/\/www.pvaphotography.cz\/index.php?rest_route=\/wp\/v2\/pages\/412"}],"wp:attachment":[{"href":"https:\/\/www.pvaphotography.cz\/index.php?rest_route=%2Fwp%2Fv2%2Fmedia&parent=1578"}],"curies":[{"name":"wp","href":"https:\/\/api.w.org\/{rel}","templated":true}]}}